{"id":198,"date":"2021-04-08T19:52:46","date_gmt":"2021-04-08T19:52:46","guid":{"rendered":"http:\/\/www.volincubator.de\/?page_id=198"},"modified":"2021-09-22T20:15:47","modified_gmt":"2021-09-22T20:15:47","slug":"ueber-uns","status":"publish","type":"page","link":"https:\/\/www.volincubator.de\/?page_id=198","title":{"rendered":"\u00dcber uns"},"content":{"rendered":"\n<p>Wir sind ein gemeinn\u00fctziger Verein mit Sitz in Berlin. Wir m\u00f6chten in Berlin mehr Zusammenhalt und Verst\u00e4ndigung schaffen. Daf\u00fcr schaffen wir Projekte, die Leuten die M\u00f6glichkeit geben, sich ehrenamtlich zu engagieren und ihre Leidenschaften und Fertigkeiten mit anderen zu teilen. Diese Projekte bringen Menschen verschiedenster Hintergr\u00fcnde und Lebenslagen zusammen und schaffen somit Begegnungsorte und Verbindungen, die es sonst oft nicht g\u00e4be. Im Mittelpunkt dieser Projekte stehen Themen der Nachhaltigkeit, orientiert an den 17 Zielen f\u00fcr nachhaltige Entwicklung der UN.<\/p>\n\n\n\n<p>Aktuell engagieren sich 17 Freiwillige ehrenamtlich als Mitglieder im Verein, der seit M\u00e4rz 2020 im Vereinsregister eingetragen ist. Der Verein bildete sich schon im Oktober 2017 und hie\u00df zun\u00e4chst Berlin4Water bis zur Umbenennung in Volincubator.<\/p>\n\n\n\n<p>Der Vorstand:\u00a0<\/p>\n\n\n\n<div class=\"wp-block-columns\">\n<div class=\"wp-block-column\">\n<div class=\"wp-block-columns\">\n<div class=\"wp-block-column\">\n<figure class=\"wp-block-image size-large\"><img loading=\"lazy\" width=\"683\" height=\"1024\" src=\"http:\/\/www.volincubator.de\/wp-content\/uploads\/2021\/09\/Ulrike-2-683x1024.jpg\" alt=\"\" class=\"wp-image-294\" srcset=\"https:\/\/www.volincubator.de\/wp-content\/uploads\/2021\/09\/Ulrike-2-683x1024.jpg 683w, https:\/\/www.volincubator.de\/wp-content\/uploads\/2021\/09\/Ulrike-2-200x300.jpg 200w, https:\/\/www.volincubator.de\/wp-content\/uploads\/2021\/09\/Ulrike-2-768x1152.jpg 768w, https:\/\/www.volincubator.de\/wp-content\/uploads\/2021\/09\/Ulrike-2-1024x1536.jpg 1024w, https:\/\/www.volincubator.de\/wp-content\/uploads\/2021\/09\/Ulrike-2-1366x2048.jpg 1366w, https:\/\/www.volincubator.de\/wp-content\/uploads\/2021\/09\/Ulrike-2-scaled.jpg 1707w\" sizes=\"(max-width: 683px) 100vw, 683px\" \/><figcaption><a href=\"mailto:vorstand@volincubator.de\">Ulrike Gei\u00dfler<\/a><\/figcaption><\/figure>\n<\/div>\n\n\n\n<div class=\"wp-block-column\">\n<figure class=\"wp-block-image size-large\"><img loading=\"lazy\" width=\"683\" height=\"1024\" src=\"http:\/\/www.volincubator.de\/wp-content\/uploads\/2021\/09\/Marvin-2-683x1024.jpg\" alt=\"\" class=\"wp-image-295\" srcset=\"https:\/\/www.volincubator.de\/wp-content\/uploads\/2021\/09\/Marvin-2-683x1024.jpg 683w, https:\/\/www.volincubator.de\/wp-content\/uploads\/2021\/09\/Marvin-2-200x300.jpg 200w, https:\/\/www.volincubator.de\/wp-content\/uploads\/2021\/09\/Marvin-2-768x1152.jpg 768w, https:\/\/www.volincubator.de\/wp-content\/uploads\/2021\/09\/Marvin-2-1024x1536.jpg 1024w, https:\/\/www.volincubator.de\/wp-content\/uploads\/2021\/09\/Marvin-2-1365x2048.jpg 1365w, https:\/\/www.volincubator.de\/wp-content\/uploads\/2021\/09\/Marvin-2-scaled.jpg 1707w\" sizes=\"(max-width: 683px) 100vw, 683px\" \/><figcaption><a href=\"mailto:vorstand@volincubator.de\">Marvin Thar<\/a><\/figcaption><\/figure>\n\n\n\n<p><\/p>\n<\/div>\n\n\n\n<div class=\"wp-block-column\">\n<figure class=\"wp-block-image size-large\"><img loading=\"lazy\" width=\"683\" height=\"1024\" src=\"http:\/\/www.volincubator.de\/wp-content\/uploads\/2021\/09\/Denis-3-683x1024.jpg\" alt=\"\" class=\"wp-image-296\" srcset=\"https:\/\/www.volincubator.de\/wp-content\/uploads\/2021\/09\/Denis-3-683x1024.jpg 683w, https:\/\/www.volincubator.de\/wp-content\/uploads\/2021\/09\/Denis-3-200x300.jpg 200w, https:\/\/www.volincubator.de\/wp-content\/uploads\/2021\/09\/Denis-3-768x1152.jpg 768w, https:\/\/www.volincubator.de\/wp-content\/uploads\/2021\/09\/Denis-3-1024x1536.jpg 1024w, https:\/\/www.volincubator.de\/wp-content\/uploads\/2021\/09\/Denis-3.jpg 1362w\" sizes=\"(max-width: 683px) 100vw, 683px\" \/><figcaption><a href=\"mailto:vorstand@volincubator.de\">Denis Greim<\/a><\/figcaption><\/figure>\n\n\n\n<p><\/p>\n<\/div>\n<\/div>\n<\/div>\n<\/div>\n\n\n\n\n\n<div class=\"wp-block-image\"><figure class=\"aligncenter size-large\"><img loading=\"lazy\" width=\"1024\" height=\"680\" src=\"http:\/\/www.volincubator.de\/wp-content\/uploads\/2021\/09\/20210628-DSC_0395-1024x680.jpg\" alt=\"\" class=\"wp-image-278\" srcset=\"https:\/\/www.volincubator.de\/wp-content\/uploads\/2021\/09\/20210628-DSC_0395-1024x680.jpg 1024w, https:\/\/www.volincubator.de\/wp-content\/uploads\/2021\/09\/20210628-DSC_0395-300x199.jpg 300w, https:\/\/www.volincubator.de\/wp-content\/uploads\/2021\/09\/20210628-DSC_0395-768x510.jpg 768w, https:\/\/www.volincubator.de\/wp-content\/uploads\/2021\/09\/20210628-DSC_0395-1536x1020.jpg 1536w, https:\/\/www.volincubator.de\/wp-content\/uploads\/2021\/09\/20210628-DSC_0395-2048x1360.jpg 2048w, https:\/\/www.volincubator.de\/wp-content\/uploads\/2021\/09\/20210628-DSC_0395-272x182.jpg 272w\" sizes=\"(max-width: 1024px) 100vw, 1024px\" \/><\/figure><\/div>\n","protected":false},"excerpt":{"rendered":"<p>Wir sind ein gemeinn\u00fctziger Verein mit Sitz in Berlin. Wir m\u00f6chten in Berlin mehr Zusammenhalt und Verst\u00e4ndigung schaffen. Daf\u00fcr schaffen wir Projekte, die Leuten die M\u00f6glichkeit geben, sich ehrenamtlich zu engagieren und ihre Leidenschaften und Fertigkeiten mit anderen zu teilen. Diese Projekte bringen Menschen verschiedenster Hintergr\u00fcnde und Lebenslagen zusammen und schaffen somit Begegnungsorte und Verbindungen, <a class=\"read-more\" href=\"https:\/\/www.volincubator.de\/?page_id=198\">Read More<\/a><\/p>\n","protected":false},"author":1,"featured_media":0,"parent":0,"menu_order":0,"comment_status":"closed","ping_status":"closed","template":"","meta":[],"_links":{"self":[{"href":"https:\/\/www.volincubator.de\/index.php?rest_route=\/wp\/v2\/pages\/198"}],"collection":[{"href":"https:\/\/www.volincubator.de\/index.php?rest_route=\/wp\/v2\/pages"}],"about":[{"href":"https:\/\/www.volincubator.de\/index.php?rest_route=\/wp\/v2\/types\/page"}],"author":[{"embeddable":true,"href":"https:\/\/www.volincubator.de\/index.php?rest_route=\/wp\/v2\/users\/1"}],"replies":[{"embeddable":true,"href":"https:\/\/www.volincubator.de\/index.php?rest_route=%2Fwp%2Fv2%2Fcomments&post=198"}],"version-history":[{"count":8,"href":"https:\/\/www.volincubator.de\/index.php?rest_route=\/wp\/v2\/pages\/198\/revisions"}],"predecessor-version":[{"id":306,"href":"https:\/\/www.volincubator.de\/index.php?rest_route=\/wp\/v2\/pages\/198\/revisions\/306"}],"wp:attachment":[{"href":"https:\/\/www.volincubator.de\/index.php?rest_route=%2Fwp%2Fv2%2Fmedia&parent=198"}],"curies":[{"name":"wp","href":"https:\/\/api.w.org\/{rel}","templated":true}]}}